{"id":2364,"date":"2018-04-24T22:14:26","date_gmt":"2018-04-24T22:14:26","guid":{"rendered":"http:\/\/localhost\/wordpress\/?page_id=2364"},"modified":"2018-06-01T21:14:57","modified_gmt":"2018-06-01T21:14:57","slug":"catalogo-fiskars","status":"publish","type":"page","link":"https:\/\/ojarbo.com\/?page_id=2364","title":{"rendered":"Cat\u00e1logo Fiskars"},"content":{"rendered":"<p>CAT\u00c1LOGO DE JARD\u00cdN\u00a02018 &#8220;VISITE NUESTRAS\u00a0\u00a0MARCAS&#8221; &nbsp; &nbsp; &nbsp; &nbsp; &nbsp; &nbsp; &nbsp; &nbsp; \u00bfD\u00f3nde estamos? Pol\u00edg. Indust. Las Casas &#8211; C\/C &#8211; Parcela 226 &#8211; 42005 Soria Contacto@ojarbo.com (+34) 975 21 10 95 Contacta con nosotro <a href=\"https:\/\/ojarbo.com\/?page_id=2364\" title=\"Read more on Cat\u00e1logo Fiskars\" class=\"more-link\">read more<\/a><\/p>\n<!-- AddThis Advanced Settings generic via filter on the_content --><!-- AddThis Share Buttons generic via filter on the_content -->","protected":false},"excerpt":{"rendered":"<p>CAT\u00c1LOGO DE JARD\u00cdN\u00a02018 &#8220;VISITE NUESTRAS\u00a0\u00a0MARCAS&#8221; &nbsp; &nbsp; &nbsp; &nbsp; &nbsp; &nbsp; &nbsp; &nbsp; \u00bfD\u00f3nde estamos? Pol\u00edg. Indust. Las Casas &#8211; C\/C &#8211; Parcela 226 &#8211; 42005 Soria Contacto@ojarbo.com (+34) 975 21 10 95 Contacta con nosotro read more<!-- AddThis Advanced Settings generic via filter on get_the_excerpt --><!-- AddThis Share Buttons generic via filter on get_the_excerpt --><\/p>\n","protected":false},"author":1,"featured_media":0,"parent":0,"menu_order":0,"comment_status":"closed","ping_status":"closed","template":"","meta":[],"_links":{"self":[{"href":"https:\/\/ojarbo.com\/index.php?rest_route=\/wp\/v2\/pages\/2364"}],"collection":[{"href":"https:\/\/ojarbo.com\/index.php?rest_route=\/wp\/v2\/pages"}],"about":[{"href":"https:\/\/ojarbo.com\/index.php?rest_route=\/wp\/v2\/types\/page"}],"author":[{"embeddable":true,"href":"https:\/\/ojarbo.com\/index.php?rest_route=\/wp\/v2\/users\/1"}],"replies":[{"embeddable":true,"href":"https:\/\/ojarbo.com\/index.php?rest_route=%2Fwp%2Fv2%2Fcomments&post=2364"}],"version-history":[{"count":0,"href":"https:\/\/ojarbo.com\/index.php?rest_route=\/wp\/v2\/pages\/2364\/revisions"}],"wp:attachment":[{"href":"https:\/\/ojarbo.com\/index.php?rest_route=%2Fwp%2Fv2%2Fmedia&parent=2364"}],"curies":[{"name":"wp","href":"https:\/\/api.w.org\/{rel}","templated":true}]}}